Let k(l) = -2*l - 2. Let v = -5 - -8. Determine k(v).
-8
Let w(a) = 5*a**3 + 3*a**2 + a + 6. Let c(k) = 6*k**3 + 2*k**2 + 6. Let x(h) = -4*c(h) + 5*w(h). What is x(-6)?
12
Let w(p) be the third derivative of -p**8/20160 + p**7/840 + p**6/240 - p**5/10 + 4*p**2. Let v(j) be the third derivative of w(j). Determine v(6).
3
Let t = 19 + -22. Suppose 0 = 3*p - v + 1, -v - 2 + 3 = 4*p. Let k(g) = -3*g + 1 + 3 + p*g - g**2. Determine k(t).
4
Let y = -6 + 11. Suppose 5*j - 4*j - 16 = -3*f, 3*j = -5*f + 24. Let c(x) = f*x - y*x + 0*x. Determine c(4).
4
Let f(s) be the second derivative of 5*s**3/6 + 3*s**2/2 + 15*s. Determine f(-3).
-12
Let z(j) = -4*j + 1. Let r = -5 + 3. Let x(c) = 3*c - 2. Let m(l) = r*z(l) - 3*x(l). What is m(0)?
4
Let w(v) be the first derivative of v**3/3 - 3*v**2/2 + 2*v + 24. What is w(2)?
0
Let r(o) = -o**2 - 6*o + 1. Suppose -16*d = -12*d + 20. Give r(d).
6
Let y(b) be the third derivative of b**6/120 - b**5/15 - 7*b**4/24 + 7*b**3/6 - 14*b**2. Give y(5).
-3
Let r(x) = 3*x**3 + x**2 - x. Let c be r(1). Let h = -1 + c. Let m(o) be the first derivative of o**2/2 - o + 2. What is m(h)?
1
Let p(k) be the second derivative of -5*k**3/6 - 3*k**2/2 - k. Let l(n) = -2*n - 2. Let i(w) = 5*l(w) - 3*p(w). What is i(2)?
9
Let p(u) = 0*u + 0*u + 6 - 2*u. Suppose 13 = 3*y - 2*y. Let i = y - 8. Calculate p(i).
-4
Let w(h) = -h**2 - 2*h + 1. Let s be 5/2 + (-6)/12. Suppose -8 = 3*v + 5*q + 9, 0 = -v + s*q - 2. Give w(v).
-7
Let u(c) = c. Let i(x) = 2*x - 7. Let o be i(6). Suppose 0 = f - o - 0. What is u(f)?
5
Suppose -a + 1 = -d, 3*a + 0*d - 17 = -4*d. Let q(s) be the second derivative of 0 + 1/6*s**a + 2*s - 1/2*s**2. Determine q(-5).
-6
Let v(n) = 7 - 6 - 4 + n + 1. What is v(7)?
5
Suppose 0*r - 2*r = 2*x - 10, -2*r + 10 = -2*x. Let a(p) = 2*p - 7. Determine a(r).
3
Let v be (-2 - 0) + (4 - 0). Let b(l) = -l**v + 1 + 4 - 4 - l. Let c(f) = -f**2 + 5*f + 2. Let k be c(5). What is b(k)?
-5
Let q(i) = -2*i - 2. Suppose -3*b - 14 = 2*t, -2*b + 5*t = -14 - 2. Calculate q(b).
2
Let l(k) be the third derivative of -k**6/120 - k**5/15 + 7*k**4/24 - k**3/6 - 4*k**2. Determine l(-5).
-11
Let p be 224/35 + (-4)/10. Let y = p - 2. Let v(l) = l - 4*l + 4 + y*l. Calculate v(-5).
-1
Let y(c) = -c + 3. Let s be y(0). Let f(d) = 6*d - 3 + 1 - 7*d**2 + 8*d**2 + s. Give f(-5).
-4
Suppose -3*h - t + 27 = -49, -3*h + 5*t + 52 = 0. Let b be ((-6)/5)/(h/(-80)). Let l(o) = -o + 6. Determine l(b).
2
Let r(l) = l - 7. Let o be r(5). Let d(f) be the third derivative of 0 - 1/30*f**5 - 2*f**2 + 1/8*f**4 - 1/120*f**6 + 0*f + 1/2*f**3. Calculate d(o).
-3
Let d(s) = -s**2. Let l(r) = 5*r**2 + 7*r + 4. Let c(f) = -6*d(f) - l(f). Give c(7).
-4
Let w(h) = h - 1. Let i(n) = n**2. Let f(y) = 7*y**2 + 3*y. Let q(m) = -f(m) + 6*i(m). Let b be q(-3). Suppose -g = -b*g. Give w(g).
-1
Let p = 3 - -6. Let b = p - 3. Let t(a) = a - 8. Determine t(b).
-2
Suppose 3*y + 3 = -f - 11, 3*y = -15. Let u(p) = -4*p**2 - 4*p - 8. Let g(h) = -h**2 - h - 1. Let w(q) = f*u(q) - 5*g(q). Let j = 5 - 8. Calculate w(j).
3
Let r(m) = 6*m - 242 + 242. Determine r(2).
12
Let p(i) = 4*i + 1. Suppose 4*x + 11 = -5*j, -6*j - 12 = -2*j + 4*x. Determine p(j).
5
Let p = -4 - -6. Suppose -2*c - 9 = -5*f + 11, 0 = -p*c. Suppose 2*b + 7 = 4*n + 1, f*n + 9 = 5*b. Let d(q) = q**2 - 4*q + 5. What is d(n)?
5
Let n(i) be the second derivative of i**4/12 + 5*i**3/6 + i**2/2 + 2*i - 10. Suppose -4*l = 7 + 1. Determine n(l).
-5
Suppose 5*o - 17 = -2. Let c(d) = 1 + 0*d - 3 + d - o. What is c(0)?
-5
Let s(m) = -18*m. Suppose 5*t = -0*t. Let o(i) = i**2 - 1. Let y be o(t). Give s(y).
18
Let c(w) = -w**3 + 3*w**2 - w + w**2 + 0*w**3 + 2. Let r = 286 + -282. Determine c(r).
-2
Let n(t) = -2*t - 1 + 2*t + t. Let k(x) = -x - 1. Let m be k(-1). Let v be n(m). Let b(o) = 9*o**3 + o + 1. Determine b(v).
-9
Let d(q) = 1 + 6*q - 2*q + 3*q + 0*q. What is d(1)?
8
Let m(a) = 2*a**2 - a - 1. Let x be m(2). Suppose 2*i + x*p = 0, 4*p = -4*i + 3*i - 3. Let j(o) = -o**3 + 5*o**2 + 2*o - 7. Calculate j(i).
3
Let y(v) = 2*v + 2. Suppose l - 5*d - 12 = 0, l + d - 36 = -2*l. Let h(z) = z**3 - 11*z**2 - 11*z - 15. Let b be h(l). Give y(b).
-4
Let f(q) = 3*q + 2. Let m(h) = h**3 - 18*h**2 - 18*h - 14. Let a be m(19). What is f(a)?
17
Let w(z) be the second derivative of 2/3*z**4 - 1/6*z**3 + 0*z**2 + 0 + z. Suppose -1 - 2 = -3*c. What is w(c)?
7
Let g(c) be the first derivative of -1/2*c**2 - 4*c - 7. Calculate g(4).
-8
Let a = 16 - 14. Let f(l) = -4*l**a + 3 + 9*l**2 + l**3 - l**2. Let w(d) = -d**3 + d + 2. Let t be w(2). What is f(t)?
3
Suppose -3*s - s = 4. Let k(n) = -8*n**2 + n + 1. Calculate k(s).
-8
Let f = 2 - 5. Let r(x) be the second derivative of x**3/6 + 2*x**2 - 44*x. Calculate r(f).
1
Let n be (-2)/(-2) - (-4 + 3). Let t be 1 - (n/(-2) - -5). Let g(r) = 1 - r - 5*r**2 - 3*r**2 + 5*r**2 - r**3. What is g(t)?
4
Let p(k) be the third derivative of 7*k**6/120 - k**5/30 + k**3/6 - 66*k**2. What is p(1)?
6
Let c(i) be the third derivative of i**5/60 - i**4/8 - i**3/3 - 41*i**2. What is c(5)?
8
Let f(g) = -1 + g**2 + 5 + 4*g - 3. Determine f(-4).
1
Let l = -48 + 56. Let o(f) = f - 4. Calculate o(l).
4
Let c(x) be the second derivative of x**7/2520 - 7*x**6/720 + x**5/20 + x**4/12 + 3*x. Let n(i) be the third derivative of c(i). What is n(4)?
-6
Let x(j) = 9*j**2 - 5*j + 15*j**2 - 1 - 26*j**2 - 5*j**3 + 7. Let a(z) = 14*z**3 + 5*z**2 + 14*z - 17. Let q(k) = -6*a(k) - 17*x(k). Give q(-3).
6
Let s(k) = -4*k**3 - 2*k**2 + k + 2. Let a be s(-1). Let x(c) = 4*c**2 - 8*c. Let n(d) = -7*d**2 + 15*d + 1. Let f(l) = a*n(l) + 5*x(l). Determine f(5).
3
Let i(r) = 2*r + 2. Suppose b - l - 13 = 2*b, -29 = 3*b - 2*l. Let g = b - -6. What is i(g)?
-8
Suppose 0 = -z - 4*z + 10. Let c(u) = -u**2 + 11*u + 4. Let v be c(11). Let j(h) = -2*h**2 + 2 + v*h**z + 0*h - 3*h. Calculate j(2).
4
Let g = -3 - -5. Suppose -g*d - 2*p - 3*p = -16, 3*p + 6 = 4*d. Let c(i) = -i**2 + i + 3. Determine c(d).
-3
Let g(s) = 3*s - 7. Let r(w) = -w + 4. Let p(f) = 3*g(f) + 7*r(f). Let k be p(-5). Let n(o) be the second derivative of -o**3/6 - o**2 - o. Determine n(k).
1
Let p(u) be the first derivative of 1/2*u**2 + 5 + 10*u. Give p(-7).
3
Let z(k) = -k**2 - 4*k. Suppose -6 = 2*u - 3*v + 17, -5*v = 2*u - 17. Give z(u).
0
Let f(p) = -5*p + 10. Let r(z) = 4*z - 9. Let t(u) = 6*f(u) + 7*r(u). What is t(5)?
-13
Let f(s) be the second derivative of s**4/6 - s**3/3 + s**2/2 + 2*s. Let o be ((-2)/(-4))/(9/54). What is f(o)?
13
Suppose -4*v + 14 = -u, 3*u + 10 = -4*v - 0. Let p(i) = 0*i**2 + 6 + 2*i - i**2 - 1 - 7*i. Determine p(u).
-1
Suppose -y + 5 = 3*r, -2*r - 3*y + 4 = -2*y. Let q(t) = -5*t**2 + 2*t - 1. Determine q(r).
-4
Suppose 4*c - 41 = -1. Let j be c/(-15)*(-3)/2. Let z(p) = -5*p - 6 + 6. Determine z(j).
-5
Let j(w) = -8*w + 3 - w - 3*w + 9*w. What is j(6)?
-15
Let r(l) = 2*l**2 + l + 2. Let s be r(-2). Let g be s/(-44) - (-48)/22. Let a(v) = 6*v - 3. Calculate a(g).
9
Suppose -4 = 2*d - 5*p - 15, -11 = 4*d + p. Let q(a) = 4*a**3 + 2*a**2 - a - 2. Give q(d).
-24
Let q(v) be the first derivative of 1 + 0*v**2 - 1/120*v**5 - 5/24*v**4 + 0*v - 1/360*v**6 + 2/3*v**3. Let t(b) be the third derivative of q(b). Give t(0).
-5
Let x(r) = 1 - 3*r + 2 + 2*r + 0*r. Let y be (-2 + 2)/(-2)*-1. Calculate x(y).
3
Let t(s) = s**2 - 10*s + 9. Suppose 14*p - 7 = 13*p. What is t(p)?
-12
Let k(b) = -2*b**3 + 3*b**2 - 2*b + 2. Let s = -24 + 26. What is k(s)?
-6
Let h(j) = j**3 + 4*j**2 - 5*j - 2. Let f(c) = c - 1. Let q be f(-4). Give h(q).
-2
Let p(l) = l + 7. Suppose 9*o - 4*w = 4*o + 45, 3*o = -w + 10. Give p(o).
12
Let c(z) be the third derivative of -z**5/60 + z**4/6 - 4*z**2. What is c(5)?
-5
Let p(o) = 2*o + 4. Let d be ((-7)/14)/(2/12). Calculate p(d).
-2
Let l(a) = a + 2. Let x be l(-4). Let m = x - -1. Let y be (0 - m) + 1 + -7. Let s(f) = f**3 + 6*f**2 + 7*f. Give s(y).
-10
Let h(p) = -p**2 + 4*p + 9. Let k be h(5). Let m(q) be the second derivative of 0 + 5/2*q**2 + q - 1/3*q**3. Give m(k).
-3
Let h(d) = 1 - d + 13*d - 9*d - 7*d. Determine h(1).
-3
Let f(v) = 2*v - 14. Let p be f(9). Let n(h) be the third derivative of -1/8*h**p + 0*h - 1/6*h**3 + h**2 + 0. Calculate n(-1).
2
Let m(j) be the first derivative of -j**2/2 + 34. Let y(v) be the first derivative of -3*v**2/2 - 5*v -